the prime factors of s(l)?
2, 7
Let t be (-4)/12*6*-1. Suppose 77 - t = 5*b. List the prime factors of b.
3, 5
Let j = 20 - 22. What are the prime factors of j/1 + 24/2?
2, 5
Let r be (-2)/(-4)*-2 + 2. What are the prime factors of (-1 - r) + (20 - 4)?
2, 7
Let z(p) = p + 4. Let s be z(-8). List the prime factors of 12 - s/6*3.
2, 7
Suppose 468 = 8*g - 5*g. What are the prime factors of g?
2, 3, 13
Let f(k) = -k**3 - 9*k**2 - 8*k + 2. Suppose 2*b - 5*p + 21 = 0, 30 = -5*b + 5*p - 15. Let c be f(b). What are the prime factors of (-5)/10 - (-39)/c?
19
Let m(d) = d + 1. Let o(b) = 9*b + 12. Let r(w) = 36*m(w) - 3*o(w). Suppose 0 = 2*n - 2. List the prime factors of r(n).
3
Let g = 7 + -6. Let m = g - -1. What are the prime factors of m?
2
Suppose 2*f + 4 = -8. What are the prime factors of (-98)/f - 6/(-9)?
17
Let b = -35 + 69. Suppose -10 = -0*v - v + s, -3*v + s = -b. List the prime factors of v.
2, 3
List the prime factors of (-4)/(60/(-3483)) + (-5)/25.
2, 29
Let m(b) = -b**3 + 5*b**2 + 6. Let s be m(5). Let o be 122/5 + 8/(-20). Suppose -2*h = -2*r - 32, 2*h - r - s - o = 0. What are the prime factors of h?
2, 7
Let t(f) = f**2 - 5*f + 7. Let j(g) = -g**2 - 8*g - 1. Let p be j(-5). Let s = p - 9. What are the prime factors of t(s)?
7
Suppose -3*j - 153 = -q + 133, -2*j + 1498 = 5*q. List the prime factors of q.
2, 149
Let y(q) = -q**3 - 10*q**2 - 9*q + 8. Let g be y(-9). Let k(s) = -s + 1. Let l be k(-3). Suppose -l*d = 5*v - 7, 4*v = d - v - g. List the prime factors of d.
3
Let l(i) = i**3 - 6*i**2 - 12*i + 5. Let z = -4 - -12. What are the prime factors of l(z)?
37
Suppose 0 = -j - 0*j. Suppose -l - 3*l + 60 = j. List the prime factors of 110/l - (-4)/6.
2
Suppose 4*s - 422 = 54. List the prime factors of s.
7, 17
Suppose 0 = -3*l + 24 + 96. What are the prime factors of l?
2, 5
Let s = 2 + -12. Let n = -4 - s. What are the prime factors of n?
2, 3
List the prime factors of (-2)/(-13) - (-674)/13.
2, 13
What are the prime factors of (-17 - -2)*(-16)/12?
2, 5
Suppose -3*v + 3*u + 15 = 2*v, -3 = -v - u. Suppose x + p = -2*p, v*x + p = 8. List the prime factors of 28/6*9/x.
2, 7
Let x(q) = -q**3 - 4*q**2 + 2*q - 7. Let i be x(-5). Let l(g) = -15 - 5*g + 4 + g**2 + 0*g**2. List the prime factors of l(i).
13
Let b(r) = -2*r**3 - 3*r**2 - 2*r + 1. Let d be b(-2). Suppose x + p = 4*p + 1, -4*p + 12 = 2*x. Let t = d - x. List the prime factors of t.
5
Let a(h) = -h**3 - 6*h**2 + 10*h + 1. Let q be a(-7). List the prime factors of ((-16)/q)/((-1)/(-25)).
2, 5
Suppose 5*x + 5 = 0, 2*x = 4*r - 2 - 8. Suppose -r*y = -3*m - y + 6, 5*y + 10 = 5*m. List the prime factors of m.
2
Suppose o = -3*o. Suppose -7*v + 2*v + 3*c + 144 = o, -3*v = -c - 84. Suppose -3*u + v = 2*h, -u = -h - 6*u + 31. List the prime factors of h.
2, 3
Let m(s) = s**2 - s. Let u be m(3). Let i = u + -3. What are the prime factors of i?
3
Let p = -2 + 1. Let y(h) = 11*h**3 + 2*h**2 - 3*h + 2. Let s(o) = 22*o**3 + 4*o**2 - 5*o + 3. Let q(u) = -3*s(u) + 5*y(u). List the prime factors of q(p).
2, 5
Suppose 0 = b - 19 - 63. What are the prime factors of b?
2, 41
Suppose 11*a - 41 = 10*a. List the prime factors of a.
41
Suppose 7 + 2 = 3*a. Suppose -5*b + a*b + 2 = 2*h, 3*h - 4*b - 38 = 0. Let l(d) = -d**3 + 7*d**2 - 5*d + 3. List the prime factors of l(h).
3
Suppose 3 = -2*o - 3*y, 4*o - y + 2 = -3*y. Suppose -4*x + 89 = -3*u, o = -u + 2*u + 3. What are the prime factors of x?
2, 5
Let i = -5 + 6. What are the prime factors of 2/(-2)*(i + -3)?
2
Suppose -91*h = -90*h - 143. List the prime factors of h.
11, 13
What are the prime factors of -77*(2 - 4)/2?
7, 11
Let v be (72/(-10))/(6/(-160)). Suppose -k = 3*l + 55 - 201, -4*l + v = 2*k. Suppose 0 = -w, 4*w + l = 2*m + 3*m. What are the prime factors of m?
2, 5
Let g(t) = 16*t + 1. Suppose 1 = -4*p - 3. Let d = p + 2. List the prime factors of g(d).
17
Suppose -28 = -3*d - d. Let v = -5 - d. List the prime factors of (-2)/8 - 39/v.
3
Suppose -2*d + 2*r = 46, -3*d + 2*d = r + 13. Let f be 12/(-54) - 94/d. Suppose -f*l = -3*l - 6. What are the prime factors of l?
3
Let a(x) be the third derivative of x**5/60 + x**3/3 + 2*x**2. List the prime factors of a(-5).
3
Let y(n) = n. Let m(d) = d**3 - 8*d**2 - 8*d - 2. Let r(g) = -m(g) - 5*y(g). What are the prime factors of r(8)?
2, 13
Suppose -t = 2*r - 12, 3*r - 45 = 4*t - 16. List the prime factors of r.
7
Let s = 99 + -47. List the prime factors of s.
2, 13
Let g = 17 - 32. Let w be -18 - 2 - (-2)/5*-10. Let j = g - w. What are the prime factors of j?
3
Let p be 2/7 - 410/(-35). Let k = 22 - p. What are the prime factors of k?
2, 5
Let j(t) = -3*t - 4. Let y(r) = r**2 + 2*r. Let p be y(-4). Let m = p + -12. List the prime factors of j(m).
2
Let s(d) = -3*d**3 + d**2 + 2. Let g be s(2). Let j = 32 + g. Suppose -4*z = -54 - j. What are the prime factors of z?
17
Let l = 121 - 1. What are the prime factors of l?
2, 3, 5
Let l be (-2)/8 - (-69)/(-12). Let j(g) = g**3 + 6*g**2 + g + 1. Let b be j(l). Let n(c) = -c + 3. What are the prime factors of n(b)?
2
Let o be -1 + -1 + (-6 - -12). Suppose -m = 2*p - 23, -o*m = -5*p - 0*m + 77. What are the prime factors of p?
13
Let u = 48 - 12. List the prime factors of u.
2, 3
Let g(j) = j**2 + 3*j + 18. List the prime factors of g(5).
2, 29
Let k(q) = -4*q + 9. What are the prime factors of k(-3)?
3, 7
Let f be 8/16 + 370/4. Suppose -5*w = -f - 12. List the prime factors of w.
3, 7
Suppose i - 4*r + 0*r = -22, i + 22 = 2*r. Let y = -1 - i. What are the prime factors of y?
3, 7
Let v = -46 + 77. Suppose -5*l - v = -116. List the prime factors of l.
17
Suppose -5*y + g + 1113 = 0, 4*y - 225 = 3*y + g. List the prime factors of y.
2, 3, 37
Let x(l) = -l**3 - 9*l**2 - 2*l + 7. Let m be x(-9). Suppose -c - 60 = -5*b, 0 = 6*c - c - m. What are the prime factors of b?
13
Let l(m) = 33*m + 1. Let x be l(-1). Let b = x - -50. List the prime factors of b.
2, 3
Let z(f) be the first derivative of f**4/4 - 7*f**3/3 + 5*f**2/2 + 5*f + 2. Let x be z(6). Let m = x + 8. What are the prime factors of m?
7
Suppose 2*j = 483 - 107. List the prime factors of j.
2, 47
Suppose -32*w + 35*w - 102 = 0. List the prime factors of w.
2, 17
What are the prime factors of ((-3)/4)/(1/(-12)) - 1?
2
Let t(g) = g**3 + 7*g**2 - g - 11. Let j be t(-5). Suppose 2*m - 14 = j. What are the prime factors of m?
29
Let w(y) = -y**3 + 10*y**2 + 7*y - 3. What are the prime factors of w(10)?
67
Let c = -92 + 136. What are the prime factors of c?
2, 11
Let r(y) = y**2 + y - 1. Let i(o) = 5*o**2 - 5*o - 3. Let a(b) = -i(b) + 4*r(b). Let x be a(6). Let c = -9 + x. What are the prime factors of c?
2
Let k(d) = d**2 - 3*d - 1. Let o be k(4). Suppose -l = z + o, 0 = 2*z - 6*z + l + 3. List the prime factors of 0/(-1) - (z - 14).
2, 7
Let d(o) = -2*o + 2. Suppose -k + 4 - 2 = 0. Let x be d(k). What are the prime factors of -2*((-21)/6 + x)?
11
Let v(p) be the second derivative of p**3/3 - 2*p**2 - 6*p. Let h be 3/((-3)/(-8)) + 0. List the prime factors of v(h).
2, 3
Let k be 1/3*3*375. What are the prime factors of 2/3 + k/45?
3
Suppose -5*l - 153 = -8*l. List the prime factors of l.
3, 17
Let y(r) be the second derivative of -r**3/3 - 7*r**2/2 - 2*r. What are the prime factors of y(-6)?
5
What are the prime factors of (-5)/(-20) - -1*2236/16?
2, 5, 7
List the prime factors of 7 + (-1 - 3) - -6.
3
Let b = 231 + -45. What are the prime factors of b?
2, 3, 31
Let a(i) = -i**3 + i**2 - 9. Let d be a(0). What are the prime factors of 86/18 - 2/d?
5
Suppose -5*t - 2 + 32 = 0. Let b = 8 - t. Suppose b*z + z = 33. List the prime factors of z.
11
Let n(j) = -87*j - 5. List the prime factors of n(-3).
2
Let z(a) = -32*a - 32. List the prime factors of z(-11).
2, 5
Suppose -4*t + 149 = -h, h + 43 = t + 2. List the prime factors of t.
2, 3
Let o(g) = -g**2 + 8*g - 10. Let b be o(7). Let r be b*((-26)/(-6) - 1). Let v = r + 14. What are the prime factors of v?
2
Let y(d) = -6*d - 18. List the prime factors of y(-15).
2, 3
Suppose -96 = -4*r + 84. List the prime factors of r.
3, 5
Let u(y) = -y**2 + 10*y - 3. Let p(b) = -b**3 - 13*b**2 - 2*b - 18. Let k be p(-13). What are the prime factors of u(k)?
13
Suppose -3*o + 55 = 8*o. What are the prime factors of o?
5
Let z(w) = -2*w - 7. Let b be z(-6). Suppose -b*x - 164